{"id":264,"date":"2016-04-10T20:04:31","date_gmt":"2016-04-10T20:04:31","guid":{"rendered":"http:\/\/marcosmesa.com\/?page_id=264"},"modified":"2016-10-19T15:30:36","modified_gmt":"2016-10-19T15:30:36","slug":"exposicion-se-abre-la-veda","status":"publish","type":"page","link":"http:\/\/marcosmesa.com\/ca\/exposicion-se-abre-la-veda\/","title":{"rendered":"Exposici\u00f3 \u201cSe abre la Veda\u201d a la Universitat de Burgos."},"content":{"rendered":"<p><\/p>\n<p style=\"text-align: justify;\">\u201cSe abre la Veda\u201d \u00e9s una exposici\u00f3 de poemes-objecte sobre tela constitu\u00efda com a una petita aproximaci\u00f3 a un \u201cBestiari d\u2019objectes\u201d, un projecte en el qual porto treballant durant mesos i que, sens dubte, amb el temps ser\u00e0 m\u00e9s extens del que actualment forma aquesta mostra.<\/p>\n<p style=\"text-align: justify;\">Aquest \u201cBestiari expositiu\u201d parteix de la llavor del pensament m\u00e0gic dels pagesos, d\u2019aquelles fam\u00edlies de tota la vida que vivien envoltades d\u2019amics animals (amb els quals treballaven), juntament amb animals salvatges que es movien entre els prats, boscos i horts als quals temien.<\/p>\n<p style=\"text-align: justify;\">L&#8217;exposici\u00f3 ofereix un viatge cap a una especial cosmovisi\u00f3 d&#8217;autor, per\u00f2 oberta a la mirada de l&#8217;espectador on els objectes dom\u00e8stics es converteixen en \u00e9ssers per mitj\u00e0 de l&#8217;artifici i la mat\u00e8ria pict\u00f2rica.<\/p>\n<p style=\"text-align: justify;\">La fascinaci\u00f3 i l&#8217;admiraci\u00f3 per la dignitat dels vells estris, juntament amb una visi\u00f3 naturalista (com els antics investigadors com Plini, Linneo&#8230;) acaba per construir un petit m\u00f3n, no nom\u00e9s com a objecte preferent de l&#8217;observaci\u00f3, sin\u00f3 tamb\u00e9 com a paradigma del b\u00e9 i del mal.<\/p>\n<div id=\"attachment_270\" style=\"width: 646px\" class=\"wp-caption alignnone\"><a href=\"http:\/\/marcosmesa.com\/wp-content\/uploads\/2016\/04\/serrrucho-1.jpg\" rel=\"attachment wp-att-270\"><img aria-describedby=\"caption-attachment-270\" decoding=\"async\" loading=\"lazy\" class=\"wp-image-270\" src=\"http:\/\/marcosmesa.com\/wp-content\/uploads\/2016\/04\/serrrucho-1.jpg\" alt=\"serrrucho\" width=\"636\" height=\"390\" \/><\/a><p id=\"caption-attachment-270\" class=\"wp-caption-text\">El hombre-serrucho como paradigma del ser industrial ante la materia.<\/p><\/div>\n<div id=\"attachment_274\" style=\"width: 640px\" class=\"wp-caption alignnone\"><a href=\"http:\/\/marcosmesa.com\/wp-content\/uploads\/2016\/04\/ubu3.jpg\" rel=\"attachment wp-att-274\"><img aria-describedby=\"caption-attachment-274\" decoding=\"async\" loading=\"lazy\" class=\"wp-image-274\" src=\"http:\/\/marcosmesa.com\/wp-content\/uploads\/2016\/04\/ubu3.jpg\" alt=\"ubu3\" width=\"630\" height=\"426\" \/><\/a><p id=\"caption-attachment-274\" class=\"wp-caption-text\">Un Peix-Rasclet, un animal fictici que pertany a la dicotomia de l&#8217;\u00e9sser agr\u00edcola o industrial, una tela que pertany a una col\u00b7lecci\u00f3 particular cedida per a l\u2019exposici\u00f3. Al costat d\u2019un poema-homenatge al relat de Machado \u201cLa Tierra de Alvargonz\u00e1lez\u201d.<\/p><\/div>\n<div id=\"attachment_272\" style=\"width: 642px\" class=\"wp-caption alignnone\"><a href=\"http:\/\/marcosmesa.com\/wp-content\/uploads\/2016\/04\/ubu1-1.jpg\" rel=\"attachment wp-att-272\"><img aria-describedby=\"caption-attachment-272\" decoding=\"async\" loading=\"lazy\" class=\"wp-image-272\" src=\"http:\/\/marcosmesa.com\/wp-content\/uploads\/2016\/04\/ubu1-1.jpg\" alt=\"ubu1\" width=\"632\" height=\"473\" \/><\/a><p id=\"caption-attachment-272\" class=\"wp-caption-text\">Pedres voladores &#8211; Pedres que canvien de lloc segons la qualitat del terreny i la prosperitat del territori.<\/p><\/div>\n<div id=\"attachment_271\" style=\"width: 645px\" class=\"wp-caption alignnone\"><a href=\"http:\/\/marcosmesa.com\/wp-content\/uploads\/2016\/04\/sld04-copia-1.jpg\" rel=\"attachment wp-att-271\"><img aria-describedby=\"caption-attachment-271\" decoding=\"async\" loading=\"lazy\" class=\"wp-image-271\" src=\"http:\/\/marcosmesa.com\/wp-content\/uploads\/2016\/04\/sld04-copia-1.jpg\" alt=\"sld04 copia\" width=\"635\" height=\"438\" \/><\/a><p id=\"caption-attachment-271\" class=\"wp-caption-text\">Endoll per no apagar mai &#8211; poema-objecte amb ossos de rosegador.<\/p><\/div>\n<p>&nbsp;<\/p>","protected":false},"excerpt":{"rendered":"<p>\u201cSe abre la Veda\u201d \u00e9s una exposici\u00f3 de poemes-objecte sobre tela constitu\u00efda com a una petita aproximaci\u00f3 a un \u201cBestiari d\u2019objectes\u201d, un projecte en el qual porto treballant durant mesos i que, sens dubte, amb el temps ser\u00e0 m\u00e9s extens del que actualment forma aquesta mostra. Aquest \u201cBestiari expositiu\u201d parteix de la llavor del pensament [&hellip;]<\/p>\n","protected":false},"author":1,"featured_media":283,"parent":0,"menu_order":0,"comment_status":"closed","ping_status":"closed","template":"","meta":[],"_links":{"self":[{"href":"http:\/\/marcosmesa.com\/ca\/wp-json\/wp\/v2\/pages\/264"}],"collection":[{"href":"http:\/\/marcosmesa.com\/ca\/wp-json\/wp\/v2\/pages"}],"about":[{"href":"http:\/\/marcosmesa.com\/ca\/wp-json\/wp\/v2\/types\/page"}],"author":[{"embeddable":true,"href":"http:\/\/marcosmesa.com\/ca\/wp-json\/wp\/v2\/users\/1"}],"replies":[{"embeddable":true,"href":"http:\/\/marcosmesa.com\/ca\/wp-json\/wp\/v2\/comments?post=264"}],"version-history":[{"count":11,"href":"http:\/\/marcosmesa.com\/ca\/wp-json\/wp\/v2\/pages\/264\/revisions"}],"predecessor-version":[{"id":812,"href":"http:\/\/marcosmesa.com\/ca\/wp-json\/wp\/v2\/pages\/264\/revisions\/812"}],"wp:featuredmedia":[{"embeddable":true,"href":"http:\/\/marcosmesa.com\/ca\/wp-json\/wp\/v2\/media\/283"}],"wp:attachment":[{"href":"http:\/\/marcosmesa.com\/ca\/wp-json\/wp\/v2\/media?parent=264"}],"curies":[{"name":"wp","href":"https:\/\/api.w.org\/{rel}","templated":true}]}}

Exposició “Se abre la Veda” a la Universitat de Burgos.

<p></p>
<p style="text-align: justify;">“Se abre la Veda” és una exposició de poemes-objecte sobre tela constituïda com a una petita aproximació a un “Bestiari d’objectes”, un projecte en el qual porto treballant durant mesos i que, sens dubte, amb el temps serà més extens del que actualment forma aquesta mostra.</p>
<p style="text-align: justify;">Aquest “Bestiari expositiu” parteix de la llavor del pensament màgic dels pagesos, d’aquelles famílies de tota la vida que vivien envoltades d’amics animals (amb els quals treballaven), juntament amb animals salvatges que es movien entre els prats, boscos i horts als quals temien.</p>
<p style="text-align: justify;">L&#8217;exposició ofereix un viatge cap a una especial cosmovisió d&#8217;autor, però oberta a la mirada de l&#8217;espectador on els objectes domèstics es converteixen en éssers per mitjà de l&#8217;artifici i la matèria pictòrica.</p>
<p style="text-align: justify;">La fascinació i l&#8217;admiració per la dignitat dels vells estris, juntament amb una visió naturalista (com els antics investigadors com Plini, Linneo&#8230;) acaba per construir un petit món, no només com a objecte preferent de l&#8217;observació, sinó també com a paradigma del bé i del mal.</p>
<div id="attachment_270" style="width: 646px" class="wp-caption alignnone"><a href="http://marcosmesa.com/wp-content/uploads/2016/04/serrrucho-1.jpg" rel="attachment wp-att-270"><img aria-describedby="caption-attachment-270" decoding="async" loading="lazy" class="wp-image-270" src="http://marcosmesa.com/wp-content/uploads/2016/04/serrrucho-1.jpg" alt="serrrucho" width="636" height="390" /></a><p id="caption-attachment-270" class="wp-caption-text">El hombre-serrucho como paradigma del ser industrial ante la materia.</p></div>
<div id="attachment_274" style="width: 640px" class="wp-caption alignnone"><a href="http://marcosmesa.com/wp-content/uploads/2016/04/ubu3.jpg" rel="attachment wp-att-274"><img aria-describedby="caption-attachment-274" decoding="async" loading="lazy" class="wp-image-274" src="http://marcosmesa.com/wp-content/uploads/2016/04/ubu3.jpg" alt="ubu3" width="630" height="426" /></a><p id="caption-attachment-274" class="wp-caption-text">Un Peix-Rasclet, un animal fictici que pertany a la dicotomia de l&#8217;ésser agrícola o industrial, una tela que pertany a una col·lecció particular cedida per a l’exposició. Al costat d’un poema-homenatge al relat de Machado “La Tierra de Alvargonzález”.</p></div>
<div id="attachment_272" style="width: 642px" class="wp-caption alignnone"><a href="http://marcosmesa.com/wp-content/uploads/2016/04/ubu1-1.jpg" rel="attachment wp-att-272"><img aria-describedby="caption-attachment-272" decoding="async" loading="lazy" class="wp-image-272" src="http://marcosmesa.com/wp-content/uploads/2016/04/ubu1-1.jpg" alt="ubu1" width="632" height="473" /></a><p id="caption-attachment-272" class="wp-caption-text">Pedres voladores &#8211; Pedres que canvien de lloc segons la qualitat del terreny i la prosperitat del territori.</p></div>
<div id="attachment_271" style="width: 645px" class="wp-caption alignnone"><a href="http://marcosmesa.com/wp-content/uploads/2016/04/sld04-copia-1.jpg" rel="attachment wp-att-271"><img aria-describedby="caption-attachment-271" decoding="async" loading="lazy" class="wp-image-271" src="http://marcosmesa.com/wp-content/uploads/2016/04/sld04-copia-1.jpg" alt="sld04 copia" width="635" height="438" /></a><p id="caption-attachment-271" class="wp-caption-text">Endoll per no apagar mai &#8211; poema-objecte amb ossos de rosegador.</p></div>
<p>&nbsp;</p>

<p>“Se abre la Veda” és una exposició de poemes-objecte sobre tela constituïda com a una petita aproximació a un “Bestiari d’objectes”, un projecte en el qual porto treballant durant mesos i que, sens dubte, amb el temps serà més extens del que actualment forma aquesta mostra. Aquest “Bestiari expositiu” parteix de la llavor del pensament [&hellip;]</p>
