{"id":292,"date":"2016-04-10T20:34:21","date_gmt":"2016-04-10T20:34:21","guid":{"rendered":"http:\/\/marcosmesa.com\/?page_id=292"},"modified":"2016-10-19T15:36:50","modified_gmt":"2016-10-19T15:36:50","slug":"exposicion-performance-burgos","status":"publish","type":"page","link":"http:\/\/marcosmesa.com\/ca\/exposicion-performance-burgos\/","title":{"rendered":"Exposici\u00f3-Performance a Burgos"},"content":{"rendered":"<p><\/p>\n<div>\n<p><i>Pot una sala d&#8217;exposicions esdevenir una casa?<\/i> Aquest esdeveniment va fer possible combinar l&#8217;espai particular d&#8217;un habitatge amb diverses intervencions art\u00edstiques, exposicions i un tast gastron\u00f2mic.<\/p>\n<p>Un ambient dist\u00e8s \u00e9s un ingredient perfecte per poder gaudir de l&#8217;art d&#8217;una manera diferent; una vetllada art\u00edstica per als cinc sentits, amb la pres\u00e8ncia del maridatge i els diversos sabors del vi. Tanmateix, vam comptar amb la pres\u00e8ncia de v\u00eddeos creatius i una performance.<\/p>\n<p><a href=\"http:\/\/marcosmesa.com\/wp-content\/uploads\/2016\/04\/cata7.jpg\" rel=\"attachment wp-att-302\"><img decoding=\"async\" loading=\"lazy\" class=\"alignnone wp-image-302\" src=\"http:\/\/marcosmesa.com\/wp-content\/uploads\/2016\/04\/cata7.jpg\" alt=\"Exposici\u00f3n art\u00edstica con Cata de Vinos\" width=\"604\" height=\"553\" srcset=\"http:\/\/marcosmesa.com\/wp-content\/uploads\/2016\/04\/cata7.jpg 900w, http:\/\/marcosmesa.com\/wp-content\/uploads\/2016\/04\/cata7-300x275.jpg 300w, http:\/\/marcosmesa.com\/wp-content\/uploads\/2016\/04\/cata7-768x704.jpg 768w\" sizes=\"(max-width: 604px) 100vw, 604px\" \/><\/a><\/p>\n<div id=\"attachment_296\" style=\"width: 615px\" class=\"wp-caption alignnone\"><a href=\"http:\/\/marcosmesa.com\/wp-content\/uploads\/2016\/04\/cata_b.jpg\" rel=\"attachment wp-att-296\"><img aria-describedby=\"caption-attachment-296\" decoding=\"async\" loading=\"lazy\" class=\"wp-image-296\" src=\"http:\/\/marcosmesa.com\/wp-content\/uploads\/2016\/04\/cata_b.jpg\" alt=\"Exposici\u00f3n art\u00edstica con Cata de Vinos\" width=\"605\" height=\"384\" \/><\/a><p id=\"caption-attachment-296\" class=\"wp-caption-text\">Una de les exposicions a l&#8217;espai de l&#8217;habitatge.<\/p><\/div>\n<\/div>\n<p><\/p>","protected":false},"excerpt":{"rendered":"<p>Pot una sala d&#8217;exposicions esdevenir una casa? Aquest esdeveniment va fer possible combinar l&#8217;espai particular d&#8217;un habitatge amb diverses intervencions art\u00edstiques, exposicions i un tast gastron\u00f2mic. Un ambient dist\u00e8s \u00e9s un ingredient perfecte per poder gaudir de l&#8217;art d&#8217;una manera diferent; una vetllada art\u00edstica per als cinc sentits, amb la pres\u00e8ncia del maridatge i els [&hellip;]<\/p>\n","protected":false},"author":1,"featured_media":299,"parent":0,"menu_order":0,"comment_status":"closed","ping_status":"closed","template":"","meta":[],"_links":{"self":[{"href":"http:\/\/marcosmesa.com\/ca\/wp-json\/wp\/v2\/pages\/292"}],"collection":[{"href":"http:\/\/marcosmesa.com\/ca\/wp-json\/wp\/v2\/pages"}],"about":[{"href":"http:\/\/marcosmesa.com\/ca\/wp-json\/wp\/v2\/types\/page"}],"author":[{"embeddable":true,"href":"http:\/\/marcosmesa.com\/ca\/wp-json\/wp\/v2\/users\/1"}],"replies":[{"embeddable":true,"href":"http:\/\/marcosmesa.com\/ca\/wp-json\/wp\/v2\/comments?post=292"}],"version-history":[{"count":6,"href":"http:\/\/marcosmesa.com\/ca\/wp-json\/wp\/v2\/pages\/292\/revisions"}],"predecessor-version":[{"id":816,"href":"http:\/\/marcosmesa.com\/ca\/wp-json\/wp\/v2\/pages\/292\/revisions\/816"}],"wp:featuredmedia":[{"embeddable":true,"href":"http:\/\/marcosmesa.com\/ca\/wp-json\/wp\/v2\/media\/299"}],"wp:attachment":[{"href":"http:\/\/marcosmesa.com\/ca\/wp-json\/wp\/v2\/media?parent=292"}],"curies":[{"name":"wp","href":"https:\/\/api.w.org\/{rel}","templated":true}]}}

Exposició-Performance a Burgos

<p></p>
<div>
<p><i>Pot una sala d&#8217;exposicions esdevenir una casa?</i> Aquest esdeveniment va fer possible combinar l&#8217;espai particular d&#8217;un habitatge amb diverses intervencions artístiques, exposicions i un tast gastronòmic.</p>
<p>Un ambient distès és un ingredient perfecte per poder gaudir de l&#8217;art d&#8217;una manera diferent; una vetllada artística per als cinc sentits, amb la presència del maridatge i els diversos sabors del vi. Tanmateix, vam comptar amb la presència de vídeos creatius i una performance.</p>
<p><a href="http://marcosmesa.com/wp-content/uploads/2016/04/cata7.jpg" rel="attachment wp-att-302"><img decoding="async" loading="lazy" class="alignnone wp-image-302" src="http://marcosmesa.com/wp-content/uploads/2016/04/cata7.jpg" alt="Exposición artística con Cata de Vinos" width="604" height="553" srcset="http://marcosmesa.com/wp-content/uploads/2016/04/cata7.jpg 900w, http://marcosmesa.com/wp-content/uploads/2016/04/cata7-300x275.jpg 300w, http://marcosmesa.com/wp-content/uploads/2016/04/cata7-768x704.jpg 768w" sizes="(max-width: 604px) 100vw, 604px" /></a></p>
<div id="attachment_296" style="width: 615px" class="wp-caption alignnone"><a href="http://marcosmesa.com/wp-content/uploads/2016/04/cata_b.jpg" rel="attachment wp-att-296"><img aria-describedby="caption-attachment-296" decoding="async" loading="lazy" class="wp-image-296" src="http://marcosmesa.com/wp-content/uploads/2016/04/cata_b.jpg" alt="Exposición artística con Cata de Vinos" width="605" height="384" /></a><p id="caption-attachment-296" class="wp-caption-text">Una de les exposicions a l&#8217;espai de l&#8217;habitatge.</p></div>
</div>
<p></p>

<p>Pot una sala d&#8217;exposicions esdevenir una casa? Aquest esdeveniment va fer possible combinar l&#8217;espai particular d&#8217;un habitatge amb diverses intervencions artístiques, exposicions i un tast gastronòmic. Un ambient distès és un ingredient perfecte per poder gaudir de l&#8217;art d&#8217;una manera diferent; una vetllada artística per als cinc sentits, amb la presència del maridatge i els [&hellip;]</p>
